) a prime number?
True
Suppose 0 = -4*u + 5*f + 42209, -4*f + 10550 = u - 3*f. Is u a prime number?
False
Let h be 14*(1 + (-153)/(-6))/(-1). Let l = 936 + h. Is l a prime number?
False
Let d(b) = b**2 - 3*b - 2. Let y be d(4). Is (-3420)/(-27) - y/(-6) prime?
True
Suppose -s - 134 - 5 = 0. Let y = s + 348. Is y a composite number?
True
Let q(p) = -2 - 10 + 4 + 75*p**2. Is q(3) a composite number?
True
Suppose 0 = -4*v + l + 87767, -3*v = l + 3*l - 65849. Is v a prime number?
True
Suppose -u + 201 = 2*u. Let h = u - -892. Is h prime?
False
Suppose -20*n = -n - 11951. Let d = n + -322. Is d prime?
True
Let s be (-6)/8 + 36/(-16). Let d(g) = g**2 + g - 3. Let k be d(s). Is (2 - 90)*-1 - k a prime number?
False
Is (111/(-222))/(2/(-4604)) prime?
True
Let g(z) be the second derivative of -20*z**3 - 7*z**2/2 + 4*z. Suppose 2*k + 14 = -u, -2*u + k = -k - 2. Is g(u) a composite number?
True
Let j = 47 + 88. Let g = j + -86. Is g composite?
True
Suppose 17*z = 15588 + 19313. Is z prime?
True
Suppose 8487 = 7*m + 2*m. Is m prime?
False
Suppose -409*r + 402*r + 137165 = 0. Is r a composite number?
True
Is -1*(1*3/(-1) - 1084) a prime number?
True
Let r(i) = 952*i**2 - 12*i - 30. Let s be r(-6). Suppose 0 = -11*o + s + 15703. Is o a composite number?
False
Suppose -7*w + 55490 + 24779 = 0. Is w prime?
True
Let i = 6061 + -4238. Is i composite?
False
Let c(z) = -468*z + 17. Is c(-8) composite?
False
Let r be -2 - (-3)/((-15)/(-10)). Suppose -2*w + 1249 = 5*h, 0 = -2*h - 5*w - r*w + 487. Is h prime?
True
Let m(j) = j**3 - 13*j**2 + 13*j - 6. Let s be m(12). Suppose 472 = s*d - 2. Is d composite?
False
Suppose 0 = -5*f - f + 124842. Is f a prime number?
True
Let p(d) = -d**3 + d. Let g(j) = -7*j**3 - 5*j**2 - 7*j - 2. Let o(q) = -g(q) - 3*p(q). Let x be o(-3). Is (2 + -4)/(5/x) a composite number?
True
Let m(q) = -q**3 + 13*q**2 - 7*q - 16. Suppose -3*o + 43 = -50. Let r = o - 20. Is m(r) a composite number?
False
Is -5 - 1718/(((-77)/(-56))/(-11)) prime?
False
Suppose 0 = -4*g + 5*a + 37, -5*a + 0 = -15. Let d = g + -14. Is (3/(-9))/(d/1191) a prime number?
True
Let l = -6333 + 13655. Let j = l + -3379. Is j a composite number?
False
Suppose 22 = 4*v + 3*j, -2*j + 0*j = 5*v - 24. Let l(a) = 80*a + 9. Is l(v) composite?
True
Suppose 4*g - g - 1261 = 2*b, -5*b - 403 = -g. Let s = g + -174. Suppose 4*p = 95 + s. Is p composite?
True
Suppose -173 - 112 = 5*z. Suppose 6*y - 1451 + 47 = 0. Let q = z + y. Is q composite?
True
Let s be (6/9*15)/(-1). Let h(u) = u**3 + 13*u**2 - 3*u - 10. Let n be h(s). Suppose -131 = -4*d - 5*b, n = 5*d - 3*b + 110. Is d a composite number?
True
Let w = 0 + 0. Suppose 11*y - 8214 - 11201 = w. Is y a prime number?
False
Let j = 22 + -20. Suppose -j*i = -5*m + 3*m - 266, -3*i + 399 = -4*m. Let r = i + -62. Is r prime?
True
Let o = 23 + -11. Suppose o = 3*s - 0*s. Suppose -3*g = s*h - 537, 4*h = -g - 0*h + 171. Is g a prime number?
False
Suppose 3*g + 4*m + 0*m = 32, 2*g - m = 14. Suppose -13643 = u - g*u. Is u a prime number?
True
Let i(x) = -2*x - 6. Suppose 3*s - 17 = -4*l, 3*l + 2*s = 4*s + 17. Let h be i(l). Let r = -10 - h. Is r a prime number?
False
Let m be (0 + 16)/(-4) + -3. Is m*82*(-4)/8 a prime number?
False
Suppose 0 = -3*o + k + 5218, 3*o = 4*k + 2076 + 3145. Is o a prime number?
False
Let j(o) = -2*o + 16. Let l be j(6). Is (3 - (-1 - -3))/(l/9652) a prime number?
False
Suppose -8*p = 26*p - 266118. Is p a composite number?
True
Let s be 0 + -2 - 44/(-11). Suppose s*a - 176 = 2126. Is a a prime number?
True
Let r = -35 - -58. Let k = r + -13. Let b = k + 0. Is b composite?
True
Is 0/(-3) + 2529 + 2 a prime number?
True
Is (-10 - (-270)/25) + (-157191)/(-5) prime?
False
Let b(r) be the third derivative of r**6/120 - r**5/30 - r**4/12 - r**3/6 + 33*r**2. Is b(10) composite?
True
Let i = 6719 + -3282. Is i a composite number?
True
Is (12812/(-6))/(4/(-6)) composite?
False
Let f(n) = n**3 - 17*n**2 + 12. Let b be f(18). Let t = b + 502. Is t prime?
False
Let n be (-2 + 2)/3*-1. Suppose 5*f - 1692 - 1888 = n. Is (-4)/6 - f/(-12) prime?
True
Let d(q) = 13*q**2 - 9*q - 29. Suppose 6*j - 1 + 79 = 0. Is d(j) composite?
True
Suppose -5*j + j = -2*a + 84, 2*a - j = 99. Suppose 4*s - a = -4*m - 0*s, 4*m - 56 = -2*s. Is m composite?
True
Let v(a) = 73*a**3 + 2*a**2 - 3*a + 2. Is v(1) a composite number?
True
Let j(o) = 1708*o**2 + 2*o + 41. Is j(-4) composite?
False
Let j be 16/8*2/2. Is 575/10*((4 - j) + 0) a prime number?
False
Suppose -11450 = -2*y + 2*u, 0 = -4*y - 2*u + 5151 + 17761. Suppose 4*r - 5*k - 7636 = 0, 3*r - k - k = y. Is r composite?
True
Suppose 4*x = 5*a + 4, 0*x - 2*x + 3*a + 4 = 0. Let b be 3 + (24/x)/2. Suppose o = 2*o - 2*k - 121, o - k - 116 = b. Is o a composite number?
True
Let c = -8 - -11. Let w(i) = -9*i**3 - 9*i**2 + i + 8. Let v(a) = -9*a**3 - 8*a**2 + 7. Let y(o) = c*v(o) - 2*w(o). Is y(-4) a composite number?
True
Let h(l) = -14 - 16 + 1 - 78*l. Is h(-15) a prime number?
False
Let b(s) = s**3 - 14*s**2 - 6. Let z be (17/(-2))/((-3)/6). Let c be b(z). Is (-3)/(-2) + c/6 a prime number?
False
Let i be (((-45)/(-6))/(-5))/(3/40). Let c(x) = -x**2 - 26*x + 37. Is c(i) prime?
True
Suppose 26*r = 22*r + 15748. Is r a composite number?
True
Let m = -1821 - -6928. Suppose 7*r - 1046 - m = 0. Suppose 0 = -3*z + r - 126. Is z a prime number?
True
Suppose -4767 = -4*a + 18845. Is a prime?
True
Let z(d) = -d**3 - 7*d**2 - 5*d + 4. Let s be z(-6). Let a(t) = -22*t + 51*t**2 + 24*t + 3 - 22*t**2. Is a(s) prime?
False
Let z = 5437 - 1172. Is z a composite number?
True
Let u be 8/(-36) + (-114)/(-27). Suppose v - u = -3*v. Is (229 - 4 - 2)*v a prime number?
True
Suppose -2*j = -5*j + 3. Let o be j/(1*1/307). Suppose 2*l = l + o. Is l a composite number?
False
Let t(g) = 482*g**2 - g. Suppose 0 = -4*i + i + 3. Let a(n) = n. Let v be a(i). Is t(v) prime?
False
Let n be (-4)/(-6) - 24/(-18). Suppose -34 = -j - n. Suppose -2*g = -j - 230. Is g composite?
False
Let j = 1 - 1. Suppose -z + 4*z - 1989 = j. Let v = z - 244. Is v a prime number?
True
Let t = 7 - 7. Suppose -5*o - a - 4205 = t, -5*o - 818 - 3387 = 4*a. Let j = -432 - o. Is j a prime number?
True
Let v be 14/1 + 5/(15/(-6)). Let t(w) = 31*w + 37. Is t(v) a prime number?
True
Suppose 3*o - a - 4975 = 0, 19*a = 2*o + 20*a - 3310. Is o a prime number?
True
Let k = -12258 - -75525. Is k a prime number?
False
Let a(s) = -83*s**3 - 3*s**2 - 2*s + 5. Is a(-4) prime?
False
Suppose 3*u - 28931 = 5*p, -5*p - 21968 = -4*u + 16610. Is u prime?
False
Let d(w) be the second derivative of -1247*w**3/6 + 3*w**2 + 22*w. Is d(-1) prime?
False
Let u = -188 + 349. Let x = u + -61. Suppose -2*s = -58 - x. Is s prime?
True
Suppose 16*g = -24*g + 819080. Is g a composite number?
False
Suppose h + 3*h = -36. Suppose -88 = -4*n + 4. Let w = h + n. Is w a composite number?
True
Let l = -5740 + 9647. Is l prime?
True
Let a(z) = -z**2 + 1. Let s(h) = -238*h**2 + 4*h - 27. Let g(u) = -a(u) - s(u). Is g(5) prime?
True
Let p be 51/(4/(-10) - -1). Let y = p - 11. Is y prime?
False
Suppose -1610 = -p - 4*p. Suppose 0 = 4*w + 5*s - 92 - 327, 0 = 3*w - 4*s - p. Suppose w = u + u. Is u composite?
False
Suppose 44*f - 5*x = 49*f - 181305, 10 = 5*x. Is f a prime number?
False
Let k = 21975 + -7102. Is k a composite number?
True
Let a be 50/(-5)*1/(-2). Suppose a*d - 5898 = -d. Is d a composite number?
False
Suppose 2*f = 3*m + 5*f - 9, -2*f - 29 = -5*m. Let g be 3*-1 + m + 2. Suppose 0*n - g*n + 1492 = 0. Is n a composite number?
False
Suppose 50 = 2*n - 50. Let w = 20 + -7. Let c = n - w. Is c a composite number?
False
Suppose 26*y = 131439 + 119695. Is y a prime number?
False
Suppose 4*x = 2*x + 50. Let q = 63 - x. Suppose -f = f - q. Is f a prime number?
True
Suppose -3*r = -5*s - 80, 2*s - 4*r + 51 = r. Let v = s - -16. Suppose 0*h - 387 = -v*h. Is h prime?
False
Suppose 2*k = 4*l + 742, 4*k + 3*l + 283 = 1712. Is k a composite number?
True
Suppose 3*i = i + 3*k + 23081, -3*i - k + 34616 = 0. Is i composite?
True
Suppose -4*i - s = 40, 39 = -5*i - 5*s + s. Let l(z) = -10*z + 11. Is l(i) prime?
False
Suppose 0*q - 7*q - 21 = 0. Is 1/(((-3)/1441)/q) composite?
True
Suppose 24*c - 27*c + 5469 = 0. Is c a composite number?
False
Suppose d + 2*v + 1 = 3, 0 = 4*d - 3*v - 41. Is (3434/d)/((-12